{"id":79,"date":"2024-05-27T09:53:51","date_gmt":"2024-05-27T09:53:51","guid":{"rendered":"https:\/\/new.kinderuni.saarland\/?page_id=79"},"modified":"2024-05-27T09:53:51","modified_gmt":"2024-05-27T09:53:51","slug":"faq","status":"publish","type":"page","link":"https:\/\/new.kinderuni.saarland\/index.php\/faq\/","title":{"rendered":"FAQ"},"content":{"rendered":"\n<p><strong>In welchem Alter d\u00fcrfen die Kinder teilnehmen?<\/strong><\/p>\n\n\n\n<p>Das vorgesehene Alter der Kinder ist 8 bis einschlie\u00dflich 12 Jahre.<\/p>\n\n\n\n<p><strong>Was kostet die Kinderuni Saar?<\/strong><\/p>\n\n\n\n<p>Die Kinderuni Saar ist f\u00fcr alle Teilnehmenden kostenlos.<\/p>\n\n\n\n<p><strong>Woher wei\u00df ich, dass ich angemeldet bin?<\/strong><\/p>\n\n\n\n<p>Bei einer erfolgreichen Anmeldung bekommt ihr eine Best\u00e4tigungsmail auf die von euch angegebene E-Mail geschickt.<\/p>\n\n\n\n<p><strong>Wie l\u00e4uft die Anmeldung ab?<\/strong><\/p>\n\n\n\n<p>Unter dem Men\u00fcpunkt&nbsp;<a href=\"https:\/\/kinderuni.saarland\/anmeldung\">Anmeldung<\/a>&nbsp;findet ihr alle wichtigen Infos.<\/p>\n\n\n\n<p><strong>Was bedeutet die Warteliste?<\/strong><\/p>\n\n\n\n<p>Die Warteliste wird dann ge\u00f6ffnet, wenn alle Pl\u00e4tze der Kinderuni ausgebucht sind. Falls wieder Pl\u00e4tze frei werden, informieren wir die nachr\u00fcckenden Personen, dass sie doch an der Kinderuni teilnehmen d\u00fcrfen.<\/p>\n\n\n\n<p><strong>Wie l\u00e4uft ein Tag an der Kinderuni ab? Wie ist der grobe Zeitplan?<\/strong><\/p>\n\n\n\n<p>Die Kinder sollen um 16:00 Uhr am Geb\u00e4ude B4 1 auf dem Campus der Universit\u00e4t des Saarlandes sein, wo sie vom Kinderuni-Team empfangen werden. Um 16:15 Uhr startet dann die Vorlesung, welche ca. 45 Minuten dauert. Zuvor, ab 15:15 Uhr, k\u00f6nnen Informationsst\u00e4nde von Lernwerkst\u00e4tten besucht werden.<\/p>\n\n\n\n<p><strong>Wo kann ich parken?<\/strong><\/p>\n\n\n\n<p>Infos zur Parksituation und Anfahrt gibt es&nbsp;<a href=\"https:\/\/kinderuni.saarland\/anfahrt\">hier<\/a>.<\/p>\n\n\n\n<p><strong>Wo muss mein Kind hin?<\/strong><\/p>\n\n\n\n<p>Das Geb\u00e4ude B4 1 ist der Anlaufort f\u00fcr alle. Dort wartet dann das Kinderuni-Team auf euch. Weitere Informationen gibt es&nbsp;<a href=\"https:\/\/kinderuni.saarland\/anfahrt\">hier<\/a>.<\/p>\n\n\n\n<p><strong>Darf ich mein Kind die ganze Zeit \u00fcber begleiten?<\/strong><\/p>\n\n\n\n<p>In der Regel nicht. Zur Vorlesungszeit sollen sich die Kinder ohne Begleitpersonen im Audimax einfinden.<\/p>\n\n\n\n<p><strong>Wird mein Kind betreut?<\/strong><\/p>\n\n\n\n<p>Ja. Das Kinderuniteam sorgt f\u00fcr die Betreuung der Kinder.<\/p>\n\n\n\n<p><strong>Was macht man als Elternteil w\u00e4hrend der Vorlesung?<\/strong><\/p>\n\n\n\n<p>Die Begleitpersonen haben die M\u00f6glichkeit, die Vorlesung in einem separaten Elternh\u00f6rsaal (Geb\u00e4ude B4 1, Raum 0.18)&nbsp;zu verfolgen. Alternativ k\u00f6nnen Sie sich gerne auf unserem Campus umschauen. Wichtig ist, dass Sie sich gegen 17:00 Uhr (nach der Vorlesung) einfinden, um die Kinder wieder in Empfang zu nehmen.&nbsp;<\/p>\n\n\n\n<p><strong>Wie endet ein Kinderuni-Tag?<\/strong><\/p>\n\n\n\n<p>Nach der Vorlesung werden Fragen der Kinder beantwortet oder auch Autogramme gegeben. Dies nimmt erfahrungsgem\u00e4\u00df etwas Zeit ein. Der Kinderuni-Tag endet nach der Vorlesung.<\/p>\n\n\n\n<p><strong>Wie kommt mein Kind wieder zu mir?<\/strong><\/p>\n\n\n\n<p>Nach der Vorlesung finden sich Kinder und Eltern im Geb\u00e4ude B4 1, vor dem Audimax, ein.<\/p>\n\n\n\n<p><strong>Werden die Vorlesungen der Kinderuni Saar live gestreamt?<\/strong><\/p>\n\n\n\n<p>Die Vorlesungen der Kinderuni Saar werden in der Regel nur in den Elternh\u00f6rsaal (Geb\u00e4ude B4 1, Raum 0.18) live gestreamt. Die Vorlesungen werden aufgezeichnet und sind dauerhaft auf dem&nbsp;<a href=\"https:\/\/www.youtube.com\/@KinderuniSaar\">YouTube-Kanal &#8222;Kinderuni Saar&#8220;<\/a>&nbsp;anzuschauen.<\/p>\n","protected":false},"excerpt":{"rendered":"<p>In welchem Alter d\u00fcrfen die Kinder teilnehmen? Das vorgesehene Alter der Kinder ist 8 bis einschlie\u00dflich 12 Jahre. Was kostet die Kinderuni Saar? Die Kinderuni Saar ist f\u00fcr alle Teilnehmenden kostenlos. Woher wei\u00df ich, dass ich angemeldet bin? Bei einer erfolgreichen Anmeldung bekommt ihr eine Best\u00e4tigungsmail auf die von euch angegebene E-Mail geschickt. Wie l\u00e4uft [&hellip;]<\/p>\n","protected":false},"author":1,"featured_media":0,"parent":0,"menu_order":0,"comment_status":"closed","ping_status":"closed","template":"","meta":{"footnotes":""},"class_list":["post-79","page","type-page","status-publish","hentry"],"_links":{"self":[{"href":"https:\/\/new.kinderuni.saarland\/index.php\/wp-json\/wp\/v2\/pages\/79","targetHints":{"allow":["GET"]}}],"collection":[{"href":"https:\/\/new.kinderuni.saarland\/index.php\/wp-json\/wp\/v2\/pages"}],"about":[{"href":"https:\/\/new.kinderuni.saarland\/index.php\/wp-json\/wp\/v2\/types\/page"}],"author":[{"embeddable":true,"href":"https:\/\/new.kinderuni.saarland\/index.php\/wp-json\/wp\/v2\/users\/1"}],"replies":[{"embeddable":true,"href":"https:\/\/new.kinderuni.saarland\/index.php\/wp-json\/wp\/v2\/comments?post=79"}],"version-history":[{"count":1,"href":"https:\/\/new.kinderuni.saarland\/index.php\/wp-json\/wp\/v2\/pages\/79\/revisions"}],"predecessor-version":[{"id":80,"href":"https:\/\/new.kinderuni.saarland\/index.php\/wp-json\/wp\/v2\/pages\/79\/revisions\/80"}],"wp:attachment":[{"href":"https:\/\/new.kinderuni.saarland\/index.php\/wp-json\/wp\/v2\/media?parent=79"}],"curies":[{"name":"wp","href":"https:\/\/api.w.org\/{rel}","templated":true}]}}